 hundreds digit of 85535204?
2
What is the units digit of 194437857?
7
What is the hundred thousands digit of 234941314?
9
What is the hundreds digit of 3792286817?
8
What is the hundred millions digit of 8748223422?
7
What is the units digit of 1484643?
3
What is the tens digit of 64987630?
3
What is the ten millions digit of 2468775328?
6
What is the ten millions digit of 22370662?
2
What is the thousands digit of 28378427?
8
What is the millions digit of 3726915386?
6
What is the thousands digit of 55533367?
3
What is the ten thousands digit of 416557227?
5
What is the hundred thousands digit of 71960599?
9
What is the ten millions digit of 138385848?
3
What is the ten millions digit of 1616665100?
1
What is the thousands digit of 81435558?
5
What is the units digit of 212068737?
7
What is the hundreds digit of 365910663?
6
What is the tens digit of 307005853?
5
What is the thousands digit of 3349364759?
4
What is the millions digit of 56891371?
6
What is the ten thousands digit of 12089967?
8
What is the thousands digit of 125095174?
5
What is the ten thousands digit of 731182651?
8
What is the hundreds digit of 86038278?
2
What is the hundred thousands digit of 15382269?
3
What is the hundred millions digit of 135113445?
1
What is the millions digit of 21999919?
1
What is the ten thousands digit of 28293260?
9
What is the ten millions digit of 1170607140?
7
What is the units digit of 4098881516?
6
What is the ten thousands digit of 105628759?
2
What is the hundred thousands digit of 78486068?
4
What is the tens digit of 510901861?
6
What is the thousands digit of 91738588?
8
What is the tens digit of 2377432?
3
What is the millions digit of 299075110?
9
What is the millions digit of 38025948?
8
What is the thousands digit of 253277097?
7
What is the hundred millions digit of 430589852?
4
What is the units digit of 5543601?
1
What is the tens digit of 4808578073?
7
What is the thousands digit of 5284518243?
8
What is the hundreds digit of 449373707?
7
What is the millions digit of 3897787?
3
What is the ten millions digit of 158782705?
5
What is the units digit of 181071492?
2
What is the thousands digit of 121605664?
5
What is the hundreds digit of 353735902?
9
What is the tens digit of 7246436?
3
What is the millions digit of 85238663?
5
What is the ten thousands digit of 347990689?
9
What is the ten thousands digit of 43675173?
7
What is the units digit of 142212666?
6
What is the tens digit of 223169753?
5
What is the hundred millions digit of 161335405?
1
What is the ten millions digit of 4421074068?
2
What is the units digit of 126286800?
0
What is the units digit of 40561060?
0
What is the units digit of 44332491?
1
What is the thousands digit of 23036001?
6
What is the ten millions digit of 152853376?
5
What is the millions digit of 89778737?
9
What is the millions digit of 1004456793?
4
What is the hundreds digit of 6393785?
7
What is the hundred millions digit of 4107132264?
1
What is the ten thousands digit of 29719317?
1
What is the units digit of 42013093?
3
What is the hundreds digit of 884387538?
5
What is the units digit of 75829944?
4
What is the thousands digit of 751830357?
0
What is the hundred thousands digit of 124696196?
6
What is the ten millions digit of 21106898?
2
What is the ten thousands digit of 3794024?
9
What is the units digit of 3860823283?
3
What is the hundreds digit of 1125481339?
3
What is the billions digit of 3179864047?
3
What is the ten thousands digit of 610036613?
3
What is the hundred millions digit of 163791981?
1
What is the millions digit of 235747266?
5
What is the ten millions digit of 1181120364?
8
What is the units digit of 45720165?
5
What is the thousands digit of 122893842?
3
What is the hundred thousands digit of 48281079?
2
What is the millions digit of 52720837?
2
What is the millions digit of 29030213?
9
What is the tens digit of 205597064?
6
What is the thousands digit of 7157481?
7
What is the hundred millions digit of 162668942?
1
What is the tens digit of 129436954?
5
What is the thousands digit of 55278510?
8
What is the ten thousands digit of 580036510?
3
What is the units digit of 424866454?
4
What is the hundred thousands digit of 1096138022?
1
What is the ten thousands digit of 102310697?
1
What is the ten millions digit of 331645437?
3
What is the ten millions digit of 1444049241?
4
What is the millions digit of 31107292?
1
What is the millions digit of 161091429?
1
What is the thousands digit of 1377192264?
2
What is the millions digit of 30357389?
0
What is the hundreds digit of 3275451060?
0
What is the hundreds digit of 458780385?
3
What is the millions digit of 593621966?
3
What is the hundred thousands digit of 46159462?
1
What is the ten thousands digit of 1285527299?
2
What is the thousands digit of 65588402?
8
What is the thousands digit of 1509049940?
9
What is the units digit of 3075969628?
8
What is the hundreds digit of 297212973?
9
What is the units digit of 762082341?
1
What is the millions digit of 161321876?
1
What is the tens digit of 21496422?
2
What is the hundred millions digit of 107937663?
1
What is the hundred millions digit of 383546450?
3
What is the hundred thousands digit of 113244722?
2
What is the thousands digit of 67519148?
9
What is the thousands digit of 1167641238?
1
What is the hundred thousands digit of 129108342?
1
What is the hundreds digit of 54013593?
5
What is the hundred millions digit of 114163883?
1
What is the ten millions digit of 79173774?
7
What is the ten millions digit of 30306979?
3
What is the hundred millions digit of 145351331?
1
What is the millions digit of 633291635?
3
What is the millions digit of 836850692?
6
What is the thousands digit of 681765441?
5
What is the hundred thousands digit of 6877904626?
9
What is the units digit of 2950133236?
6
What is the thousands digit of 121338567?
8
What is the hundred millions digit of 2580922676?
5
What is the tens digit of 85981840?
4
What is the hundred millions digit of 173568387?
1
What is the units digit of 250708?
8
What is the hundreds digit of 20684503?
5
What is the millions digit of 54207643?
4
What is the ten thousands digit of 30072144?
7
What is the hundreds digit of 46499661?
6
What is the thousands digit of 2182191083?
1
What is the hundreds digit of 7341064616?
6
What is the ten millions digit of 870035038?
7
What is the units digit of 92861029?
9
What is the ten millions digit of 4884860102?
8
What is the millions digit of 3174015185?
4
What is the hundred millions digit of 498706591?
4
What is the millions digit of 5371746636?
1
What is the thousands digit of 30130335?
0
What is the hundreds digit of 92865165?
1
What is the millions digit of 4135715795?
5
What is the units digit of 69310401?
1
What is the thousands digit of 1644812627?
2
What is the hundred millions digit of 1423444829?
4
What is the thousands digit of 2404345826?
5
What is the hundreds digit of 6448596527?
5
What is the hundred thousands digit of 33693235?
6
What is the hundreds digit of 1735591516?
5
What is the hundred millions digit of 269157213?
2
What is the millions digit of 89663450?
9
What is the thousands digit of 119199816?
9
What is the hundreds digit of 632225643?
6
What is the ten millions digit of 386359466?
8
What is the units digit of 137908411?
1
What is the thousands digit of 51167813?
7
What is the tens digit of 2817837235?
3
What is the ten millions digit of 41293225?
4
What is the tens digit of 32867334?
3
What is the tens digit of 2252695393?
9
What is the ten millions digit of 64986390?
6
What is the hundreds digit of 93774136?
1
What is the hundred thousands digit of 33930260?
9
What is the millions digit of 64784946?
4
What is the millions digit of 1137265151?
7
What is the ten millions digit of 196602511?
9
What is the billions digit of 2911810124?
2
What is the thousands digit of 306269037?
9
What is the millions digit of 6237182398?
7
What is the ten millions digit of 52336837?
5
What is the thousands digit of 33412238?
2
What is the millions digit of 82719916?
2
What is the hundred thousands digit of 739763492?
7
What is the ten thousands digit of 489093014?
9
What is the units digit of 451577885?
5
What is the units digit of 43769843?
3
What is the mill